
3, 2917
What are the prime factors of 17128137?
3, 13, 439183
What are the prime factors of 91621987?
91621987
What are the prime factors of 1997492?
2, 7, 71339
List the prime factors of 159724139.
53, 3013663
What are the prime factors of 854721824?
2, 11, 89, 27283
List the prime factors of 7398110304.
2, 3, 13, 1975991
What are the prime factors of 8824679?
8824679
What are the prime factors of 3221774259?
3, 11, 2689, 36307
List the prime factors of 99210589.
17, 43, 135719
What are the prime factors of 192060190?
2, 5, 7, 31, 67, 1321
What are the prime factors of 406266555?
3, 5, 97, 279221
What are the prime factors of 498775962?
2, 3, 83129327
List the prime factors of 3586760636.
2, 31, 193, 149873
List the prime factors of 45283469.
7, 11, 588097
What are the prime factors of 6980963454?
2, 3, 79, 545473
What are the prime factors of 1885527998?
2, 109, 8649211
What are the prime factors of 160337791?
1999, 80209
List the prime factors of 283363269.
3, 7, 367, 36767
What are the prime factors of 4837611204?
2, 3, 19, 7072531
List the prime factors of 1477793137.
61, 24226117
List the prime factors of 752324.
2, 19, 521
What are the prime factors of 1089002794?
2, 11, 433, 114319
List the prime factors of 42236733.
3, 7, 11, 67, 2729
List the prime factors of 975335.
5, 97, 2011
What are the prime factors of 7980362650?
2, 5, 13, 47, 261223
List the prime factors of 4220707239.
3, 7, 41, 467, 3499
List the prime factors of 73308955.
5, 29, 31, 47, 347
List the prime factors of 705678509.
705678509
What are the prime factors of 294222150?
2, 3, 5, 37, 41, 431
List the prime factors of 76628700.
2, 3, 5, 101, 281
List the prime factors of 4891566.
2, 3, 815261
What are the prime factors of 1875874406?
2, 7, 449, 457, 653
List the prime factors of 2557071666.
2, 3, 3109, 5077
What are the prime factors of 185856785?
5, 59, 630023
What are the prime factors of 449722420?
2, 5, 7, 17, 37, 5107
What are the prime factors of 3241361869?
157, 2621, 7877
What are the prime factors of 50908573?
251, 202823
List the prime factors of 91768527.
3, 10196503
List the prime factors of 1276786018.
2, 173, 419, 8807
What are the prime factors of 55706405?
5, 491, 22691
List the prime factors of 3288589463.
17, 139, 1391701
List the prime factors of 1272411053.
17, 157, 476737
What are the prime factors of 5956999894?
2, 5501, 541447
List the prime factors of 83180734.
2, 7, 13, 109, 599
List the prime factors of 907546646.
2, 307, 1478089
What are the prime factors of 481090289?
481090289
What are the prime factors of 778278287?
778278287
List the prime factors of 81542866.
2, 23, 191, 9281
List the prime factors of 867261283.
7, 127, 173, 5639
List the prime factors of 1155033809.
1155033809
What are the prime factors of 249317602?
2, 359, 347239
What are the prime factors of 63680536?
2, 7960067
What are the prime factors of 171246793?
171246793
List the prime factors of 706304142.
2, 3, 97, 404527
What are the prime factors of 3446802509?
3446802509
What are the prime factors of 22462461?
3, 7, 157, 757
What are the prime factors of 295338451?
19, 233, 66713
List the prime factors of 5127338662.
2, 43, 661, 90197
What are the prime factors of 12749459?
181, 70439
List the prime factors of 153850209.
3, 79, 649157
What are the prime factors of 167818463?
167818463
What are the prime factors of 8303700476?
2, 67, 30983957
What are the prime factors of 1769124367?
2579, 685973
What are the prime factors of 7449368827?
101, 2237, 32971
List the prime factors of 1894636399.
367, 5162497
List the prime factors of 146796037.
17, 8635061
What are the prime factors of 218645844?
2, 3, 19, 958973
What are the prime factors of 7271084?
2, 1817771
What are the prime factors of 362043818?
2, 337, 537157
List the prime factors of 1415819008.
2, 5530543
List the prime factors of 193722772.
2, 373, 129841
List the prime factors of 1836785391.
3, 7, 823, 106277
List the prime factors of 107209198.
2, 103, 520433
List the prime factors of 137759522.
2, 68879761
List the prime factors of 1798412309.
61, 29482169
What are the prime factors of 76286322?
2, 3, 7, 41, 14767
List the prime factors of 265656617.
29, 53, 307, 563
List the prime factors of 1556300343.
3, 13, 17, 2347361
What are the prime factors of 6574103748?
2, 3, 2081, 29251
List the prime factors of 829079700.
2, 3, 5, 2763599
List the prime factors of 36569192.
2, 11, 415559
What are the prime factors of 127484237?
127484237
What are the prime factors of 277914440?
2, 5, 6947861
What are the prime factors of 130027818?
2, 3, 103, 210401
List the prime factors of 65285756.
2, 151, 108089
List the prime factors of 499430276.
2, 19, 6571451
What are the prime factors of 52289766?
2, 3, 968329
What are the prime factors of 127060455?
3, 5, 29, 292093
List the prime factors of 28128362.
2, 37, 593, 641
What are the prime factors of 1578967324?
2, 11, 35885621
List the prime factors of 473870089.
7, 11, 19, 323903
What are the prime factors of 749899?
749899
What are the prime factors of 585546217?
191, 373, 8219
List the prime factors of 2426628187.
19, 127717273
What are the prime factors of 227434595?
5, 6301, 7219
List the prime factors of 68815899.
3, 283193
What are the prime factors of 10137113?
7, 379, 3821
List the prime factors of 632151694.
2, 41, 353, 21839
What are the prime factors of 77559952?
2, 4847497
What are the prime factors of 198795399?
3, 11, 17, 109, 3251
List the prime factors of 272483218.
2, 7, 19, 61, 2399
List the prime factors of 119580602.
2, 59790301
What are the prime factors of 1107586958?
2, 17, 157, 207491
What are the prime factors of 243288839?
149, 227, 7193
What are the prime factors of 1905273027?
3, 7, 4320347
What are the prime factors of 1148532312?
2, 3, 47855513
What are the prime factors of 1436483682?
2, 3, 79804649
List the prime factors of 4896518007.
3, 17, 61, 1573937
List the prime factors of 8565137.
7, 1223591
List the prime factors of 927385229.
29, 1289, 24809
List the prime factors of 925413489.
3, 7, 11, 13, 139, 739
What are the prime factors of 235648064?
2, 23, 160087
List the prime factors of 10580014.
2, 5290007
List the prime factors of 5158327.
17, 303431
What are the prime factors of 572542222?
2, 7, 40895873
List the prime factors of 33328506.
2, 3, 5554751
What are the prime factors of 29447597?
37, 103, 7727
What are the prime factors of 67595596?
2, 37, 456727
List the prime factors of 1218552513.
3, 41, 9906931
List the prime factors of 2195494550.
2, 5, 47, 934253
What are the prime factors of 1950170458?
2, 79, 12342851
What are the prime factors of 95163268?
2, 29, 313, 2621
What are the prime factors of 1556837455?
5, 23, 13537717
List the prime factors of 158951685.
3, 5, 10596779
List the prime factors of 5108107.
5108107
List the prime factors of 91600757.
91600757
What are the prime factors of 705743410?
2, 5, 19, 3714439
What are the prime factors of 2581168554?
2, 3, 143398253
What are the prime factors of 1147427114?
2, 573713557
What are the prime factors of 2288244?
2, 3, 7, 27241
List the prime factors of 240844991.
240844991
What are the prime factors of 3293656124?
2, 11, 74855821
List the prime factors of 242291582.
2, 13, 17, 149, 283
List the prime factors of 8148568.
2, 19, 53609
What are the prime factors of 117205921?
7, 41, 47, 8689
List the prime factors of 48214616.
2, 6026827
What are the prime factors of 88890180?
2, 3, 5, 1481503
What are the prime factors of 73310536?
2, 13, 31, 22739
List the prime factors of 7537082.
2, 7, 10987
List the prime factors of 964943095.
5, 192988619
List the prime factors of 1099422359.
7, 229, 13997
What are the prime factors of 144679230?
2, 3, 5, 535849
List the prime factors of 244789004.
2, 61197251
List the prime factors of 11077656.
2, 3, 461569
What are the prime factors of 64629368?
2, 8078671
What are the prime factors of 7217925980?
2, 5, 211, 1710409
What are the prime factors of 1104053965?
5, 7, 83, 389, 977
List the prime factors of 152007703.
727, 209089
List the prime factors of 45651319.
7, 19, 343243
List the prime factors of 483732230.
2, 5, 71, 487, 1399
What are the prime factors of 4897170891?
3, 251, 2167849
List the prime factors of 10408935.
3, 5